 -3 - (5 - 7)) + 8
13
What is 8 - (-20 + (4 - (13 + -21)))?
16
Evaluate -2 + (4 - -4) + -16 - -13.
3
What is the value of 3 + (8 - (15 - (5 - (-4 + 10))))?
-5
What is (-13 + 15 - -10) + 0 + 7?
19
What is 11 - (-7 - -2) - 8?
8
Calculate -26 + -3 + 131 + -112 + 7 + -1.
-4
What is the value of 23 + -15 - (-2 + (-4 - (-3 + 0)))?
11
-24 + (9 - -7) + 19
11
What is the value of 31 + (31 - (-1 + 34))?
29
What is the value of 11 - 26 - -2 - -38?
25
-9 + (-15 + 9 - -5) + -3
-13
What is the value of 118 - 127 - (-1 - -2 - -2)?
-12
What is 0 - 6 - -2 - (8 - (18 - 10))?
-4
Calculate (38 + 0 - 9) + (-10 - 0).
19
What is the value of 19 - (-5 + -3 + 3 + 11)?
13
What is the value of (-2 - (-7 + -11 - -10)) + -24?
-18
Calculate -13 - (-24 + 7 - -24).
-20
0 - ((16 - 15) + (4 - 15) + -5)
15
What is the value of -42 + 40 - (0 + -7)?
5
What is the value of -21 - (5 - (6 - -3 - 6 - -3))?
-20
Evaluate (-18 - -3) + 3 - (12 + -33).
9
(-34 - -29) + 67 - 30
32
What is (-117 - -34) + 76 - (-2 + (-31 - -2))?
24
10 - 9 - 9 - -11
3
-14 - (-4 + 2) - (-353 - -354)
-13
Evaluate (22 - 0) + -199 + 188.
11
What is the value of (-8 - -10 - 8) + 0 + 9?
3
What is the value of ((-10 - -24) + -10 - 3) + 0 + -7?
-6
Calculate -15 + 19 - (-1 - 4).
9
Calculate 35 - (4 - 10 - -13).
28
Evaluate 12 - 8 - (12 + 0 + -4 + -2).
-2
What is the value of (2 - -8) + (48 - 28 - 26)?
4
What is the value of 23 - 2 - (10 - (-11 + 14))?
14
Evaluate 70 + -105 + (8 - -52).
25
-14 - (-9 + -31 - -18)
8
What is the value of -1 + (9 - (-3 + 0))?
11
What is (18 + -50 - -41) + (1 - 0 - 3)?
7
-32 + 11 + 19 + -5 - (1 + -25)
17
Evaluate (-3 - -25 - 31) + (-6 - -1).
-14
Evaluate 547 - 574 - (3 + -1 + 1 + -7).
-23
-16 + (11 - -1 - (1 - -1))
-6
What is -22 - (-2 - 29) - (2 - (-4 - -2))?
5
Calculate -5 - (10 + -7 + -5 + 9 - -9).
-21
What is (8 - 9) + -2 - ((9 - 2) + -2)?
-8
Evaluate (-21 - -26 - (-1 + (2 - -8))) + 2.
-2
Calculate (-30 - (18 + -34)) + -2 + 4.
-12
Calculate -59 - -45 - (-13 - -1).
-2
Calculate 19 + -10 - (24 - (1 + 1)).
-13
Calculate 1103 - 1097 - (-1 + 0 + 8).
-1
Evaluate 22 + (-31 - (-27 + 31)).
-13
What is (-41 - -52) + (-4 - -2 - 16)?
-7
Calculate -12 + 14 + 29 - (-2 - 1 - -4).
30
What is 25 + -20 - 2 - 2?
1
Evaluate -7 + -5 + 13 + -5 - (-1 - 2).
-1
What is the value of -6 - (9 - (8 + -2) - 3) - 1?
-7
3 + -15 + 3 + 17 + -18
-10
2 - (12 - (1 - (9 + -13)))
-5
Evaluate -39 - -45 - (6 - 1).
1
What is 20 + -102 + 98 + (4 - (-3 + 2))?
21
What is the value of -8 + 24 + -20 + -3 + 11?
4
What is the value of (-91 - -83) + (2 - -9) - (8 + -2)?
-3
What is the value of (65 - 89) + (5 - 6)?
-25
Calculate 0 - (3 + -1) - (-80 - -75).
3
Evaluate 6 + -10 + (22 - 7).
11
Calculate -1 + 1 - (0 - -9 - (-557 + 557)).
-9
Calculate 5 + 29 - (80 + -20).
-26
What is 80 - 74 - (1 + 3 + (0 - 2))?
4
What is -9 - -8 - -6 - (-23 - -10)?
18
What is 4 + (-8 - (4 - 24) - 12)?
4
Calculate -6 + -2 + 0 + 1.
-7
What is 8 + (13 - (0 + 14))?
7
What is -1 + (1 + 7 - (-71 + 81))?
-3
5 - ((-3 - -4) + (3 - (3 + -1)))
3
What is the value of 20 + -38 + -18 - -20?
-16
Evaluate 15 - ((-8 + 11 + -2 - 7) + 8).
13
Calculate 33 + (24 - 51) + 11 - (-4 + -2).
23
What is the value of -79 + 90 + (-22 - 0) - 8?
-19
What is (-6 - (-7 + 9)) + 0?
-8
Evaluate -3 + -35 + 17 + 21.
0
Calculate -29 + 2 - (41 + -82).
14
What is 0 + 28 + (102 - 52 - 45)?
33
What is the value of 20 + (0 + -3 + -7 - (115 + -114))?
9
(5 - -3 - 4) + -14 - (0 - -1)
-11
Evaluate (94 - 89) + (-1 + (1 - 0) - -4).
9
Evaluate (85 - 81) + (15 - 5).
14
What is 12 - (-3 + (17 - 1 - 5))?
4
Calculate 21 + (-1 - -4 - 5 - 8).
11
Calculate -4 + 7 + -50 + (124 - 106).
-29
What is (10 - 2) + (-4 + 12 - 2)?
14
-22 - -9 - (-52 + 60)
-21
Calculate 77 + -98 + (4 - -9).
-8
What is (2 - (9 - (-1 - -11) - -7)) + -2?
-6
244 + -258 + (13 - 1)
-2
What is the value of -28 + -1 - (36 + (14 - 62))?
-17
Calculate 5 + 5 + (-8 + 16 - 0).
18
What is the value of 83 + -79 - (5 - (-2 + 1))?
-2
Calculate -13 - ((-11 + 1 - -5) + -3).
-5
Calculate 31 - (4 + 7) - (14 + -2).
8
What is 20 - (-3 - -8) - 44?
-29
Calculate -35 + 13 + -4 - -8 - (0 - -4).
-22
What is 0 - -12 - (359 - 330)?
-17
What is -3 + -7 + 5 + -2 + 0 + 2?
-5
What is -14 - (-11 - 1) - -8 - -4?
10
Evaluate 14 - (-2 + 14) - (1 - 0).
1
Calculate -12 + (-4 - (-11 + 8)) + 11.
-2
7 + 6 + (20 - 31 - -10)
12
Calculate -1 - 2 - ((-4 - (-9 - 1)) + -4).
-5
-5 - 2 - ((-21 - 4) + 3 + 6)
9
What is 48 + 3 + (11 - 25) + -2?
35
Evaluate (-1 - -8) + (7 - (17 + -7)).
4
Evaluate (-6 + 3 + 9 - (-1 + 4)) + 5.
8
Calculate 16 + (-31 - -5) - (6 + -11).
-5
What is 24 + 0 - (-101 - -145)?
-20
Calculate -13 + 0 + (-7 - (-7 - -5) - -4).
-14
1 - ((2 + -21 - -10) + 31)
-21
41 - (22 - (11 + -13))
17
24 + 5 + 1 + (-22 - -38 - 18)
28
Calculate -5 - 9 - -6 - -1 - (3 - 0).
-10
-10 - -10 - (-2 + -5)
7
4 + 0 + (-227 - -224)
1
-5 + -9 + 10 - (-6 - -3)
-1
Evaluate 9 - (3 + (-12 - -8)).
10
Calculate 15 - 29 - -41 - (8 - -4).
15
Evaluate -6 + (-58 - -63) + -7 + 0 + -1.
-9
What is -9 - ((6 - 4) + -11)?
0
Calculate -19 + 33 + -16 + 13.
11
What is 16 - (-17 + 35 + 0)?
-2
What is the value of (-2 - 13) + (-24 - (-15 - 8))?
-16
-8 - (-4 - (8 - (-4 + 2)))
6
Calculate -17 + -1 - (-5 + -2 - 3).
-8
What is the value of -4 + 7 + (-12 - -9) - -16?
16
What is 11 + 3 + 10 + (31 - 49)?
6
What is 42 + (4 - 16 - -3) + 0?
33
(2 - 8) + (4 - 2) + -6 - -2
-8
(-6 - -20 - 15) + 9 + 0
8
What is (33 + -41 - (-9 - (2 + 1))) + -1?
3
What is 34 - 53 - (-4 + -6)?
-9
Calculate 3 - -27 - (41 - 13).
2
What is the value of 0 - (1 + -2) - (75 + -49 - 5)?
-20
0 + 4 - (23 + -2 + 2 + -1)
-18
What is 10 + (-5 - (13 - 8)) + 1?
1
Evaluate (-243 - -223) + (2 - -2).
-16
What is -1 - 2 - (2 + -8 - (4 + -14))?
-7
Evaluate 35 + -47 + 31 + -36.
-17
Evaluate (9 - 16) + (8 + -2 - 2) + -6.
-9
Evaluate (19 - 30) + 1 + 5.
-5
Evaluate (-25 - -66) + -14 + -21.
6
Calculate -16 - 0 - 24 - -24.
-16
What is 4 + -5 + 1 + (-3 - 4 - -6)?
-1
Calculate (4 + (9 - 19) - -27) + -7.
14
20 + -28 + (-8 - -21)
5
0 + 15 - ((-2 - -5) + 2)
10
Evaluate -1 - -2 - (13 + 6 - 18).
0
What is the value of -119 - -122 - (0 - (27 - -4))?
34
Calculate (19 + (1 - 0) - (3 + 3)) + -6.
8
Evaluate 22 + -41 + (1 - -9 - (-1 - -3)).
-11
What is 9 - 7 - (0 + -2 + 4 + -3)?
3
Evaluate -17 - -13 - (1 + -15 + -9 + 11).
8
-8 + 3 - ((12 - 3) + 0)
-14
Evaluate 10 - (19 + -9 - 7 - -4) - 25.
-22
What is (16 - (8 - -9)) + (8 - 4)?
3
What is 4 + 13 - (51 - 48)?
14
Evaluate -21 - (-42 - (-19 + 12)).
14
Evaluate 24 - 1 - (-10 + (25 - (33 - 20))).
21
(1 - 5) + 548 + -551
-7
Evaluate (9 + 2 - 20) + -1 + 30.
20
-5 - ((-1 - (1 - -3)) + (3 - -2))
-5
What is the value of 6 + (6 - 0 - (-81 + 95))?
-2
What is (-7 - (2 + 5 + -7)) + 10 - 4?
-1
What is the value of -6 + 5 + (-3 - -12)?
8
What is the value of 1 + (0 - (8 - 5) - (6 + -1))?
-7
Evaluate (-5 - 5) + 16 + -14 + 6.
-2
What is 5 + (-9 - 3) + 6 + 3 - -1?
3
Calculate 30 - 34 - -26 - 43.
-21
What is the value of -9 - (-16 - (-6 + 5))?
6
26 + 16 + -19 + 0 + 9
32
Calculate -28 + (-35 - (1 - 33)).
-31
Evaluate (52 - 27 - 17) + -24.
-16
What is -31 + 7 + (-51 - -85)?
10
Evaluate (-33 - 3) + 3 - (-26 + 9 + 13).
-29
Calculate (4 - (7 - 16) - -4) + -42.
-25
Evaluate (3 - 10) + -3 + 24 + -1.
13
Calculate 13 + 2 + (-17 - 3) + 14.
9
What is 0 + -3 + 1 + -13 + (-1 - -6)?
-10
Calculate 4 - (14 + (7 - (-2 - -7))) - -6.
-6
Calculate (233 - 244) + (5 - 2 - -1).
-7
What is the value of -6 - -19 - (24 - 22)?
11
Calculate (2 + 5 - 32) + -3 + -3 + 3.
-28
What is the value of -4 + -5 + 6 - -2?
-1
Evaluate (-23 + 22 - (5 + 1)) + 5.
-2
What is (-21 - -24) + -11 + -4 + 8 + -2?
-6
What is -21 - 2 - -28 - (9 - (-1 - 0))?
-5
Evaluate -24 + 12 + (25 - 28).
-15
Evaluate -39 + 24 + 2 + 4 + -3.
-12
What is -28 + -5 + (65 - 44)?
-12
Calculate (13 - 22 - -1) + 0 + 16 - 0.
8
20 + (-16 - -23) + -12
15
Evaluate (-1 - (-13 + 4 - -9)) + 0 + -2.
-3
What is 19 - (-1 + (-42 - -34))?
28
Calculate -43 + 34 - -7 - (7 + -1).
-8
What is the value of -31 + 16 + (1 - 12) + 2 + 4?
-20
What is 12 + (13 + -9 - -2) + -6?
12
What is -3 + (-1 - (-21 - -13) - (-1 + -6))?
11
-9 - (-3 + 13 + -2 + -15)
-2
Calculate -3 + (-10 + 32 - (-7 - (-1 - 2))).
23
Evaluate 8 - (-12 - (-9 - 1)).
10
What is the value of -29 - (26 + -45) - (-15 + 1) - -22?
26
What is the value of (10 - 27) + 33 + 18?
34
What is 8 + (0 + -4 -